m(p) = p. Let d be m(-5). Let i be 28/d + 6/(-15). List the prime factors of u(i).
3
Let z(u) = -u + 8. Let g(t) = 2*t - t - 1 - 8. Let j(n) = -4*g(n) - 3*z(n). List the prime factors of j(0).
2, 3
Let h(x) = -264*x + 5. Let o(l) = 53*l - 1. Let z(s) = 2*h(s) + 11*o(s). What are the prime factors of z(1)?
2, 3
Suppose -2*k - 1 = w - 4, -2*w + 4*k = 10. Suppose -2*u = -3*i + 10 + 14, -5*u = -5*i + 35. What are the prime factors of w*i/(-4)*4?
2, 5
Let f = -10 - -21. What are the prime factors of f?
11
Suppose 3*k - 131 = 70. Let x = k + -12. Suppose 0*t = 5*t - x. List the prime factors of t.
11
Suppose -182 + 14 = -f + 5*t, 2*f + 4*t = 266. What are the prime factors of f?
11, 13
Let j = -15 + -3. What are the prime factors of (0 + -1)/(3/j)?
2, 3
Let t(v) = 48*v - 2. List the prime factors of t(1).
2, 23
Let z(o) = -o**2 - 8*o - 5. Let g be z(-6). Let x = 30 + g. What are the prime factors of x?
37
Let d = 10 - 5. Suppose n = -2*q + 6 + 2, -3*q - d*n + 5 = 0. What are the prime factors of (12/(-10))/((-1)/q)?
2, 3
Let h = 65 + -28. List the prime factors of h.
37
Let c(a) be the second derivative of a**4/12 - a**3 + 5*a**2/2 - 4*a. What are the prime factors of c(6)?
5
Suppose -149 + 12 = -d. List the prime factors of d.
137
Let u(a) = a**2 - a. Let c = 0 - -3. List the prime factors of u(c).
2, 3
Let x(z) be the first derivative of z**4/4 - 4*z**3 - 6*z**2 - 11*z - 1. Let m be x(13). Suppose -30 = m*r - 5*r. What are the prime factors of r?
2, 5
Suppose 3*c + j = 64, -2*j + 83 + 3 = 4*c. What are the prime factors of c?
3, 7
Let h be ((-4)/10)/(2/10). What are the prime factors of h*7*(-3 + 2)?
2, 7
Suppose -u - 3*g + 36 = 0, -5*u = 3*g + 39 - 159. Let j = u - 4. Suppose -n = -j + 2. List the prime factors of n.
3, 5
Let u = 18 - -13. What are the prime factors of u?
31
Suppose 0 = -5*i - 21 + 56. What are the prime factors of i?
7
Let r = -25 + 87. List the prime factors of r.
2, 31
Suppose -4*i + 5 + 11 = 0. Suppose -2*a - 24 = -i*a. List the prime factors of 1*1/(-1) + a.
11
Let v = -99 - -177. What are the prime factors of v?
2, 3, 13
Suppose 4*z - p - 824 = -5*p, 4*z - 792 = 4*p. List the prime factors of z.
2, 101
Let n(a) = -2*a + 12. List the prime factors of n(-8).
2, 7
Let k(w) = 11*w + 3. Let s(g) = -5*g - 2. Let h(m) = -3*k(m) - 7*s(m). Let z be h(4). Let l = z + -1. What are the prime factors of l?
2, 3
Suppose 5*g + 25 = 0, -g + 7 = -4*m - 4. What are the prime factors of m/(4 + 38/(-9))?
2, 3
Let y be (-14)/(-105) - 296/(-30). List the prime factors of (-3)/(-15) - (-358)/y.
2, 3
Let x be -4 - (-7)/(7/3). Let u = x - -21. What are the prime factors of u?
2, 5
Let n be (-15)/(-5) + -5*1. Let t be (-125)/(-10) - n/(-4). Let r = t + -7. List the prime factors of r.
5
Let w = -32 + 61. Let m = -19 + w. What are the prime factors of m?
2, 5
Let u be 0*(-1 - (-4)/6). Suppose u = a - 2*a - 21. List the prime factors of (4/6)/(-1)*a.
2, 7
What are the prime factors of 1/6 - (2190/(-36) - 2)?
3, 7
What are the prime factors of (132/30)/(1/10)?
2, 11
Let x be (22/(-4))/((-3)/(-6)). Let z = 19 + x. List the prime factors of z.
2
Suppose v - k + 2 - 3 = 0, -3*v + k = -1. Suppose -5*f + 260 = -v*f. List the prime factors of f.
2, 13
Suppose -6*z + 205 = 5*k - z, 3*z + 15 = 0. List the prime factors of k.
2, 23
Let q = -8 - -14. Let m = -2 + 11. Suppose 0 = 3*j - q*j + m. What are the prime factors of j?
3
Suppose 6 = 4*j - 6. Let s be (3/(-4))/(8/(-32)). Suppose 0 = j*z + s*y - 21, 3*y = -5*z + 2*y + 47. List the prime factors of z.
2, 5
Let d = -19 - -28. Let u be 2*d/12*-2. List the prime factors of 4 - (2 + u - 0).
5
Suppose -4*c - 4*n + 904 = -c, 5*n + 922 = 3*c. List the prime factors of c.
2, 19
Suppose -4*h - 4 - 8 = 0. Let p be 10*((-12)/h - 1). Suppose -3*s = -5*s + p. List the prime factors of s.
3, 5
Suppose 6*o - 3*o = 0. Suppose o = 5*z - 2*z. Let m = z - -19. List the prime factors of m.
19
Suppose -3*i + 17 = 5*d, -21 = -5*i - d - 0*d. Let x = i + 10. What are the prime factors of x?
2, 7
Suppose 5*g = 4*g + 7. Let m = g + -3. Suppose u - 60 = -3*u - m*x, -5*u = -3*x - 35. List the prime factors of u.
2, 5
Let s = 15 - 13. List the prime factors of 21 - -1 - (-5 + s).
5
What are the prime factors of -3*(-9)/((-27)/(-82))?
2, 41
Suppose -2*w - 15 = -7*w. Let n be (-9)/((3/(-5))/w). Suppose 0*a - 5*g = -5*a + 25, -2*a - 5*g + n = 0. List the prime factors of a.
2, 5
Suppose -3*c + n + 17 = 0, 5*c - 15 = -3*n + 2*n. List the prime factors of 5/(-5) + 4*c.
3, 5
Let l(c) = c**2 - 3. Let d be l(-3). Let x be 1 - -3 - (1 - -1). Suppose -4*o + d*q + 13 = 7*q, 2*q - x = -2*o. List the prime factors of o.
2
Let v(g) = -5*g + 8. What are the prime factors of v(-7)?
43
Suppose -4*h + 7*h - 138 = 0. What are the prime factors of h?
2, 23
Suppose 71 = -a + 303. What are the prime factors of a?
2, 29
Suppose -5*m + 5*s + 335 = 0, -3*s = 4*m - 6*m + 134. List the prime factors of m.
67
Let d be -2 + (1 - 3) + -22. Let v = 36 + d. What are the prime factors of v?
2, 5
Suppose -324 - 121 = -5*c. List the prime factors of c.
89
Suppose -x = -2*u + 18, -2*u - 65 = 4*x - 3*u. Let o = x + 23. List the prime factors of o.
7
Suppose -2 = z - 2*z. Suppose -5*f + z + 93 = -2*s, -4*f + 64 = -4*s. List the prime factors of f.
3, 7
Let w = -85 - -100. List the prime factors of w.
3, 5
Let h be 2/(1/32*4). Suppose 51 = x + h. What are the prime factors of x?
5, 7
Let v = 130 - 86. What are the prime factors of v?
2, 11
Suppose -16 = -d + 10. Let b = d - 16. List the prime factors of b.
2, 5
What are the prime factors of 188*(-5)/10*-1?
2, 47
Let u(n) = -n**3 - 6*n**2 + 5*n + 6. Suppose 0 = 2*c + 8 + 6. What are the prime factors of u(c)?
2, 5
What are the prime factors of -93*2*(-2)/6?
2, 31
What are the prime factors of ((-12)/(-20))/(((-1)/95)/(-1))?
3, 19
Let k = -69 + 97. Let f = -19 + k. Suppose 2*t - 3*c + f = 0, -15 = -c - 2*c. What are the prime factors of t?
3
Suppose -7*n + 2*n + 138 = -3*p, -132 = -5*n - 3*p. List the prime factors of n.
3
Let y(t) be the first derivative of -5*t - 2 - 2/3*t**3 + 2*t**2 - 1/4*t**4. What are the prime factors of y(-4)?
11
Suppose -o - 3*l - 11 = 0, -2*l - 7 = o - 0*l. Suppose o = h + 5*p, 0*p + 34 = 2*h + 2*p. List the prime factors of h.
3, 7
List the prime factors of 5 + 4 - (-1 + 1).
3
List the prime factors of 3*9/6*6.
3
Suppose 4*u + 1 = 13. Suppose 2*b + 1 = u. List the prime factors of (6 - 8) + b + 6.
5
Let h = 5 + 4. List the prime factors of h.
3
Let i(o) = 6*o**2 + 7 + 3*o - 1 - o**3 + 2*o**3 + 0*o**3. What are the prime factors of i(-5)?
2
Let y be 4 - 2/(-1)*-1. Suppose y*l + 10 = 6*b - b, 2*b - 8 = 0. What are the prime factors of l?
5
Suppose 3*r = 4*w + 40, -2*w = -0*r + 3*r - 34. List the prime factors of r.
2, 3
Suppose a + 3 = p, p + 5 = 5*a - 0*p. Suppose 4*c + 2*v = a, 3*c + 18 = 3*v - 3. What are the prime factors of 2 - (2 - (-4)/c)?
2
Suppose 3*u + 3 = 9. List the prime factors of 2 + u/(2/17).
19
Let z(c) be the second derivative of c**3/3 - 3*c**2 - 2*c. What are the prime factors of z(8)?
2, 5
Suppose 5*v = v. Suppose -21 = -3*l - v*l. What are the prime factors of l?
7
Let k(q) = -q + 6. Let i be k(6). Suppose -l - 2*l + 15 = i. Suppose -76 = -l*w - 6. What are the prime factors of w?
2, 7
Suppose -15 = -5*s - 0. Let p(z) = 4 - s + 1 + z**2. List the prime factors of p(3).
11
Let f be 5/1*(-9)/(-15). Let y be (9/f)/(3/4). Suppose -y*n - 9 = -p, n = -4 + 5. What are the prime factors of p?
13
List the prime factors of (-1382)/(-18) - (34/9 - 4).
7, 11
Suppose 22 = d + 4*s, 0 = d + s - 2 - 11. List the prime factors of d.
2, 5
Suppose 5*p - 2*t = 187, 2*t - 64 = -p - 17. Let c be 14 - -14 - 2/2. Let r = p - c. List the prime factors of r.
2, 3
List the prime factors of 1875/6 - (-5)/10.
313
Let r(q) = q + 1 - 3 + 7*q + 3*q. List the prime factors of r(2).
2, 5
Suppose -10 = -4*c + 2. Let h = c + 7. List the prime factors of h.
2, 5
Suppose -3*k = -5*k + 100. What are the prime factors of k?
2, 5
Suppose 0*g = 5*g - 365. List the prime factors of g.
73
Suppose f + 4*f = 35. Let p(y) = 2*y - 6. Let m be p(f). Suppose 0 = n + n - m. What are the prime factors of n?
2
Let q = 13 - 8. Let w(x) = x - 3. Let f be w(q). Suppose -4*k = 3*p - 2*k - 15, -2*p - 4*k = -f. List the prime factor